(354/10)/(-3) is divided by 31.
28
Suppose 3*k - 17 = 1. What is the remainder when 15 is divided by k?
3
Let z be ((-3)/(-6))/(2/56). Calculate the remainder when z/35 + 286/10 is divided by 15.
14
Let c be 1 + -1 - (4 + 3). Let x = 16 - -25. Calculate the remainder when x is divided by (-5)/((-10)/c)*-4.
13
Suppose -4*q - 2 = -3*g, 3*g - q = 4*g + 4. Let w = 1 - -6. Calculate the remainder when w is divided by (g/(-2))/((-3)/(-9)).
1
Suppose -3*r + 2*r = -4. Suppose -6 - 14 = -r*q. Suppose 5*g - q*l - 190 = 0, 2*g - 3*l - 101 = -6*l. What is the remainder when g is divided by 15?
13
Let c = -11 - -19. Let o(b) = -b**3 + 7*b**2 + 11*b + 6. Calculate the remainder when o(8) is divided by c.
6
Let n = -2 + 16. Calculate the remainder when 39 is divided by n.
11
Suppose 4*u + 14 = 50. Calculate the remainder when -1*(-68)/((-4)/(-1)) is divided by u.
8
Suppose -y + 3*y - 166 = 0. Let t(i) = i**2 + 17*i + 81. What is the remainder when y is divided by t(-12)?
20
Let b be (-8)/(-32) - (-3)/4. Let d be (-35)/(-10) - b/2. Suppose 22 = 2*x + 2*o, -x + d*o + 15 = -0. Calculate the remainder when 21 is divided by x.
9
Let j = -42 + 113. What is the remainder when j is divided by 25?
21
Let m be 3 + 2 - 1*3. Suppose 0 = -2*t + 5*k - 10 + 41, m*t = -4*k + 40. Calculate the remainder when 52 is divided by t.
16
Let a(j) = j + 4. Let f be a(3). Suppose -2*y + 19 = 4*w + 3*y, -f = -4*w - y. Calculate the remainder when 32 is divided by 12 - 2/(2/w).
10
Let i = -5 + 14. Suppose i = -5*g + 29, 0 = -4*d + 4*g. Let r(t) = -t + 2. Calculate the remainder when r(-4) is divided by d.
2
Suppose 26 = j + 3*f, 0 = j + 4*f - 2*f - 29. Calculate the remainder when 98 is divided by j.
28
Suppose 8 = q - 2*v, -2*q - v + 59 = 2*q. Let c(t) = t**2 + 2*t + 5. Calculate the remainder when c(5) is divided by q.
12
Suppose x = -x + 60. Suppose 2*z + 2 = x. Calculate the remainder when 53 is divided by z.
11
Let n = -303 + 306. Suppose 8*l - 3*l + 5 = 0. What is the remainder when l/1*1*-7 is divided by n?
1
Suppose -5*t + 72 = q, -t - q = -6*q - 4. Let z = -2 - -6. Suppose 12 - 42 = -5*b + 2*s, s + 27 = z*b. What is the remainder when t is divided by b?
6
Let r = 195 + -122. What is the remainder when r is divided by 19?
16
Suppose -3*b - 22 = -5*b. Suppose -b*z + 340 = -7*z. What is the remainder when z is divided by 29?
27
Let k = -51 - -78. Suppose 4*u - 3*v - 4 = 13, 4*u - v = k. What is the remainder when 30 is divided by u?
6
Suppose 227 = 5*v + 27. Let q = -9 + v. What is the remainder when q is divided by 8?
7
Calculate the remainder when -1*1*(-8 - 3) is divided by 7.
4
Let s = -38 + 42. What is the remainder when 6 is divided by s?
2
What is the remainder when 148/(-10)*(-15)/6 is divided by 8?
5
Suppose 43 = 3*v + 1. What is the remainder when 25 is divided by v?
11
Let t(q) = -10*q + 3. Calculate the remainder when t(-3) is divided by 9.
6
Calculate the remainder when 61 is divided by (30/(-4) + 4)*-6.
19
Let x = -58 + 115. Suppose -4*v - x = -3*r - 3*v, -91 = -5*r + 3*v. Calculate the remainder when 58 is divided by r.
18
Let d(z) = z**2 + 2*z - 5. Let c be d(-6). Let x(u) = -u + 2. Let r be x(-10). Let y = c - r. Calculate the remainder when 12 is divided by y.
5
Suppose 5*s - 3*s = -3*h + 84, -4*s - 118 = -5*h. What is the remainder when 99 is divided by h?
21
Suppose -31 = -5*w - 8*x + 6*x, -5 = -w - x. Suppose -3*z = 32 - 113. What is the remainder when z is divided by w?
6
Let k(x) be the second derivative of x**3/2 - 15*x**2/2 + 6*x. Calculate the remainder when 29 is divided by k(10).
14
Suppose -7*s + 4*s = 4*a - 7, s + 3*a + 6 = 0. What is the remainder when 25 is divided by s?
7
Let r = 13 - 8. Suppose r*y + 26 = f + 1, 3*y + 9 = 0. What is the remainder when f is divided by 4?
2
Suppose n - 3*a = 59, 3*a - a = -n + 64. Calculate the remainder when n is divided by 16.
14
Let x(q) = -3*q - 3. Calculate the remainder when 69 is divided by x(-7).
15
What is the remainder when 107 is divided by (77/(-33))/(1/(-12))?
23
Suppose -8*f + 3*f + 25 = 0. Let d(x) = 3*x + 6. Let u be d(9). Suppose f*c + 13 = u. Calculate the remainder when 13 is divided by c.
1
Suppose s + 140 = 5*s. Let i = -11 + s. Calculate the remainder when i is divided by 9.
6
Let a(y) = y**2 + 5*y - 18. Calculate the remainder when 141 is divided by a(-11).
45
Let f(w) = -w**3 + 3*w**2 + 3*w + 6. Let s be f(5). Let u = 68 + s. What is the remainder when u is divided by 14?
11
Let u be (-7)/((2 - 5) + 4). Let t = u - -15. Calculate the remainder when 13 is divided by t.
5
Let k = 49 - 72. Let c = k - -33. What is the remainder when c is divided by 3?
1
Let w = 22 + -16. Suppose -3*q = 2*q. Suppose q = 4*m - 38 + w. What is the remainder when 22 is divided by m?
6
Calculate the remainder when 17 is divided by (20/(-6))/((-4)/12).
7
What is the remainder when 3 + 44/(-16) + (-499)/(-4) is divided by 43?
39
Suppose -5*l = 25, 8 = -3*n + 2*l - 3*l. Suppose -3*u + 27 = 3. What is the remainder when (0 - n/(-2))*-58 is divided by u?
5
Calculate the remainder when -3 + 10 - 0 - -4 is divided by 5.
1
Let y(a) = a**2 + 10*a - 6. What is the remainder when 18 is divided by y(-11)?
3
Suppose -j + 4 + 1 = 0. What is the remainder when 8 is divided by j?
3
Suppose 5 = 2*x - 7. What is the remainder when 13 is divided by x?
1
Let d(x) = -2*x**3 - 7*x**2 - 11*x + 1. What is the remainder when d(-5) is divided by 22?
21
Let s be (12/10)/((-4)/(-10)). Suppose 7*g - s*g - 320 = 0. Suppose -10 = -5*o + g. Calculate the remainder when 35 is divided by o.
17
Let m(i) = 3*i + 35. Calculate the remainder when m(-6) is divided by 9.
8
Suppose 14 + 10 = 4*g. Let w = 4 + 6. Calculate the remainder when w is divided by g.
4
Let b = -25 + 109. Calculate the remainder when b is divided by 18.
12
Let q(w) = -4*w - 29. Calculate the remainder when 69 is divided by q(-16).
34
Suppose 9 + 12 = 3*k. Let w(r) = -r**2 - 6*r + 1. Let f be w(-6). Suppose -k = -m - f. Calculate the remainder when 10 is divided by m.
4
Let z(s) = -3*s**3 - 2*s**2 + s. What is the remainder when 55 is divided by z(-2)?
13
Let u = 8 - 5. Let j be (-4)/(-3) - u/9. Let y = j - 0. What is the remainder when 2 is divided by y?
0
Suppose 6*c - 3*c = -m + 308, 2*c - 212 = -2*m. Let o = 11 - -15. What is the remainder when c is divided by o?
23
Suppose 3*l - 43 = -3*i - 4, -69 = -3*i + 3*l. Suppose 0 = 5*f - 28 - 317. What is the remainder when f is divided by i?
15
Let u be ((-3)/6)/(1/(-484)). Let b = u + -159. Suppose 5*t = -4*d + 2*t + b, 3*d - 54 = -5*t. Calculate the remainder when d is divided by 12.
11
Suppose -5*l = -l - 3*t - 80, -t - 20 = -l. Calculate the remainder when 98 is divided by l.
18
Let j = -1 + 3. Suppose 2*l = -l + 9. Suppose l = 3*g - j*g. Calculate the remainder when 7 is divided by g.
1
Let s(m) be the second derivative of -1/2*m**3 + 0 + 1/3*m**4 + 3*m**2 + m. What is the remainder when s(4) is divided by 20?
18
Let m = 40 + -20. Let v be ((-90)/(-27))/((-2)/(-3)). Suppose -z - 28 = -v*z. Calculate the remainder when m is divided by z.
6
Suppose -5*h = -3*w + 11, -2*w + 4*h + 0*h = -6. What is the remainder when w is divided by 14/3 - (-2)/(-3)?
3
Let b(x) be the first derivative of x**4/4 + 5*x**3/3 - 7*x**2/2 + 2*x - 4. What is the remainder when (6/(-4))/(1/(-10)) is divided by b(-6)?
7
Let x = 331 - 213. What is the remainder when x is divided by 30?
28
Let i be 0/(3 + -5 - -1). Suppose 4*y = -f + 17, -4*y - 3*f - f + 8 = i. Suppose 12 = 4*b, -y*v + 38 = -3*b + 2. What is the remainder when 15 is divided by v?
6
Suppose -2*o - 3*o = 25. Calculate the remainder when 11/9 - (-4)/(-18) is divided by 2 - (3 + o + 3).
0
Let s = -61 - -88. Suppose 0 = -x, 4*x - 2*x - s = -3*h. What is the remainder when h is divided by 4?
1
Let n = 77 + -58. Calculate the remainder when 54 is divided by n.
16
Suppose 0 = -12*m + 826 - 322. Calculate the remainder when m is divided by 22.
20
Suppose 0 = -2*s - 5*b - 0 + 6, -3*s = 5*b - 14. Suppose 0 = 5*o - 0 - 5. Suppose a - o = s. Calculate the remainder when a is divided by 5.
4
Suppose 0 = 5*f - 3*q - 64, -2*q + 2 - 19 = -f. What is the remainder when 21 is divided by f?
10
Suppose 2*w = -5*m + 1 - 5, w - 13 = 5*m. Suppose 5*u = -4*s - s + 140, w*u - 80 = -4*s. Suppose 5 = h - 6. What is the